2/2 + 276*l - 25. What is the units digit of w(0)?
6
Suppose 0 = -12*l + 17*l - 15. Suppose 4*q - 2*s + 4*s - 90 = 0, 0 = 4*q + l*s - 89. Suppose h + 32 = 3*d - q, 5*h = d - 23. What is the tens digit of d?
1
Suppose 12*t - 3124 = 14864. What is the thousands digit of t?
1
Suppose -3*p - 4*z + 0*z + 4009 = 0, -3*z - 6 = 0. What is the hundreds digit of p?
3
Suppose 4*r = -n + 1 + 21, 9 = 3*r - 3*n. Suppose 189 = r*j + 2*j. What is the units digit of j?
7
Let w(z) = -z**3 - 5*z**2 - 3*z + 3. Let x(m) = -m**2. Let o be x(2). Let y be w(o). What is the units digit of y*(-3)/(-1) - -12?
9
Suppose 5*f - 1 = -4*i, 2*f - 7 = 3*i + 2*i. What is the tens digit of -4 + 8 + 28 - (i - 1)?
3
What is the hundreds digit of 9 + (-11)/(11/(-4126))?
1
What is the units digit of (-1)/(-9) + (-78792)/(-189)?
7
Suppose -6*y + 11 = -241. Suppose 0 = z - 17 - y. What is the units digit of z?
9
Suppose -302 = -5*t + 118. Suppose 2*j = -2*j + t. Suppose -n = 5 - j. What is the tens digit of n?
1
Let c be (2 - 0)/((-22)/143). Let x(l) = -l**3 - 13*l**2 - l - 13. Let b be x(c). Suppose b*j = 3*j - 66. What is the tens digit of j?
2
Let p = 26 + -23. Suppose 0 = p*u - 250 + 61. What is the tens digit of u?
6
Let c be (12/(-3) - 0) + 30. Suppose -2*x + 2*f = -0*f - 12, 4*x - 5*f - c = 0. What is the units digit of x?
4
Let d be (6/(-18))/((-4)/156). Suppose -806 - 1326 = -d*n. What is the units digit of n?
4
Suppose -695*l + 700*l - 10365 = 0. What is the hundreds digit of l?
0
Let w be 16/6*9/6. Suppose 100 + 88 = -w*k. Let i = k + 93. What is the units digit of i?
6
Let v = -154 - -323. What is the units digit of v?
9
Let a(z) = -13*z + 22. Let u be a(-6). Let l = u - 19. What is the tens digit of l?
8
Suppose 117*f = 118*f - 105. What is the hundreds digit of f?
1
Suppose -2*a = 4*k - a - 64, 0 = 2*k - 2*a - 22. Let w(d) = d**2 - 10*d - 8. What is the tens digit of w(k)?
6
Suppose -5*f + p = 885, -5*f = p + 4*p + 915. Let u = -60 - f. Suppose 4*m - 34 = 4*l - u, 87 = 5*l + m. What is the tens digit of l?
1
Let g(m) = -m - 3. Let k be g(-5). Suppose 0*o = k*o - 168. Suppose 3*d - o = d. What is the tens digit of d?
4
Let v = -62 - -64. Suppose 3*r = -2*c + 392, r + 3*c - 122 = -v*c. What is the units digit of r?
2
Suppose -5*y - 202 = -1612. What is the hundreds digit of (3/3)/(2/y)?
1
Let v = -3 - -83. Let a = v + -50. Suppose -3*b + 11 + 24 = 4*g, 5*g = -b + a. What is the units digit of b?
5
What is the units digit of (21/14 + 1)*(-6 - -640)?
5
What is the tens digit of -3 - (-84 - (-28)/4)?
7
Suppose 0 = -2*n + 1 + 5. Suppose 0 = 3*c + 4*t + 19, 14 = -2*c - n*t - 0*t. What is the tens digit of 2 + c + (-1 - -20)?
2
Suppose -4*m + m - 4*t + 88 = 0, -m + 4*t = -8. Let c = -3 + 7. Let q = m + c. What is the units digit of q?
8
Let a(u) = 91*u + 183. What is the tens digit of a(4)?
4
Let c(j) = -10*j**2 + 4*j + 12. Let m be c(-6). Let t be (-16)/40 + m/(-5). Suppose 3*h - t = h. What is the units digit of h?
7
Let c(i) = -38*i**3 - 10*i**2 + 22*i - 4. What is the thousands digit of c(-4)?
2
Let y be 136/17 - (-1 - -4). Suppose -9*l + y*l = -8. What is the units digit of l?
2
What is the tens digit of 2760/48*96/5?
0
Let a(i) = 3*i**3 - 5*i**2 + 38*i. What is the tens digit of a(7)?
5
Suppose -4 = 4*o + 88. Let f = o - -24. What is the units digit of f?
1
Suppose 10*c - 2*c - 15272 = 0. What is the thousands digit of c?
1
Let v(d) = d**3 - d**2 + d + 3. Let s be v(0). Let m be 106/4*(s + -1). Let g = m - 25. What is the units digit of g?
8
Let l = -280 + 336. What is the units digit of l?
6
Let u be (-152)/(-3)*(-57)/(-38). Let j = 23 + -2. Let b = u - j. What is the units digit of b?
5
Let a be -3*-2*346/12. What is the hundreds digit of 5*1/5*a?
1
Suppose 8*i - 1158 = 122. What is the hundreds digit of i?
1
Let z(o) = 4*o - 15. Let l be z(6). Let i be 69/8 + l/24. Suppose 8*w = i*w - 39. What is the tens digit of w?
3
Suppose 3*k + 598 = 3*t + 4*k, 594 = 3*t - 3*k. What is the hundreds digit of t?
1
Let k(q) be the third derivative of q**6/20 - q**5/30 + q**3/6 + q**2. Let v(z) = z**2 + 8*z + 1. Let w be v(-8). What is the units digit of k(w)?
5
Let s be (-26)/(-13) + 0 + 0. What is the units digit of (-176)/(-10)*(s + (-63)/(-6))?
0
Let z(k) = k**3 - 5*k**2 + 4*k + 3. Let l be z(4). Suppose 5*m - 382 = -4*t, l*m + 0*m = -3*t + 228. What is the tens digit of m?
7
Let g(f) = 4*f**2 + f - 7. Suppose -8*y + 5*y + 9 = 0. Suppose 0 - 7 = -v + x, -y*x = 12. What is the units digit of g(v)?
2
Let x = 25 - 29. Let s(l) = -15*l + 3. What is the tens digit of s(x)?
6
What is the thousands digit of 0 - 2 - (-2246 - -72)?
2
Suppose 5*j = -5*j. Suppose q - 106 = -s, j = -3*s - 15 + 3. What is the tens digit of q?
1
Let y(q) = q**3 + 7*q**2 - 10*q - 7. Let o be y(-8). What is the units digit of -1*(-2 + -3*o)?
9
Let w(y) be the second derivative of -y**3/3 - 3*y**2 + 9*y. Let a be w(-10). What is the tens digit of (-2 + a/6)*174?
5
Let d(m) = -3*m**3 - 15*m**2 + 23*m + 138. What is the thousands digit of d(-11)?
2
Let b = 17 - 18. Let d be 1 - -1 - 2/b. What is the tens digit of (d/10)/(9/360)?
1
Let l = -28 + 32. Suppose l*o = -2*o + 342. What is the tens digit of o?
5
Let s = -179 + 1231. What is the tens digit of s?
5
Let f(h) be the first derivative of -h**4/4 - 4*h**3/3 - 7*h**2/2 - 4*h - 27. What is the units digit of f(-4)?
4
Suppose 1990 = 2*s + 85*b - 89*b, -2989 = -3*s + 4*b. What is the units digit of s?
9
Let n(i) = -i**2 - 11*i - 10. Let f be n(-11). What is the units digit of (43/(-2))/(5/f)?
3
Suppose -4*j - s + 1083 = 0, -966 = -5*j + 2*s + 378. Suppose 4*i = j + 438. What is the tens digit of i?
7
Let j(y) = y**3 + y**2 - y. Let d be j(0). Let a(n) = d*n + 3 + n**2 - n + n + n. What is the units digit of a(-4)?
5
Let w(u) = 3*u**2 - u + 8. What is the tens digit of w(7)?
4
Let t be (3*(-3)/(-6))/((-6)/(-8)). What is the units digit of 0 + t + -2 + 26?
6
Suppose 2*i = -10*v + 12*v - 6992, -2*i = -v + 3495. What is the tens digit of v?
9
Let u(s) = -s**2 + 31*s + 14. What is the hundreds digit of u(19)?
2
What is the tens digit of (-6)/54*-1690 - 6/(-27)?
8
Let b be (10/6)/((-1)/(-3)). Suppose 1 + 5 = 3*n. Suppose 0*a + 305 = 5*a - b*y, 5*a - n*y = 320. What is the tens digit of a?
6
Suppose -68*y + 60*y - 1136 = 0. Let s = y - -151. What is the units digit of s?
9
Let x(m) = -2*m**3 - 8*m**2 - 7*m + 9. Suppose 3*c - 9 = -r, 3*c = 2*r - 0*c + 27. What is the units digit of x(r)?
5
Suppose 10 = 26*j - 24*j. What is the units digit of (74/j)/((-1)/15*-3)?
4
Suppose 2*l = -3*g + 7*g - 1196, 0 = -g + l + 298. What is the hundreds digit of g?
3
Suppose -53148 = -17*j - 26*j. What is the units digit of j?
6
Suppose 4*b - 3*w = -9, 4 = -5*b + 3*w - 5. Suppose -2*s = -b*s - 356. What is the units digit of s?
8
Let b = -65 - -1027. What is the tens digit of b?
6
Let h(k) = 3*k**2 + k - 5. Let n be h(8). Let m = 293 - n. What is the units digit of m?
8
Suppose 608*h - 611*h = -2700. What is the hundreds digit of h?
9
Let r(w) = -w**3 + w**2 - 3*w + 3. Let v be r(3). Let m be (-15)/2*(-32)/v. What is the units digit of ((-136)/10)/(4/m)?
4
Let f(c) = 5*c + 6. Let l(b) = -b**2 + 21*b + 25. Let r(y) = -9*f(y) + 2*l(y). Let i be r(-3). Let a = i + 15. What is the units digit of a?
2
What is the hundreds digit of 12674/12 - -15*(-11)/990?
0
Suppose 5*o - 365 = 150. What is the hundreds digit of o?
1
Let k be 0 + -4 + 282 + 19. Suppose 5*q + 11*g = 14*g + 535, -3*q - 3*g = -k. What is the units digit of q?
4
Let n(x) = 59*x**2 + 20*x + 35. What is the hundreds digit of n(-2)?
2
Let o(h) = h**2 - 14*h + 3. Let v be o(14). Suppose 0 = -v*w + 10 + 53. What is the units digit of w?
1
Let z = 25 - 14. Let t = z + -15. What is the units digit of 0 + (0 - t) - -11?
5
Let m(d) be the third derivative of d**6/120 - 4*d**5/15 - 17*d**4/24 + 3*d**3 + 162*d**2. Let f = 10 + 7. What is the tens digit of m(f)?
1
Suppose -35*i + 30484 = -17151. What is the tens digit of i?
6
Let s = -126 + 676. What is the hundreds digit of s?
5
Suppose 982*i - 979*i = 6576. What is the tens digit of i?
9
Let f(j) = -j**3 - 7*j**2 - 7*j - 7. Let w be f(-6). Let d(i) = -5*i**2. Let n be d(w). What is the units digit of 2/n*2*-5?
4
Let s(g) be the first derivative of g**4/4 - 4*g**3/3 - 3*g**2/2 + 12*g + 3. What